nder when 181 is divided by 178.
3
What is the remainder when 1242 is divided by 33?
21
Calculate the remainder when 768 is divided by 14.
12
What is the remainder when 308 is divided by 51?
2
Calculate the remainder when 66 is divided by 2.
0
Calculate the remainder when 15899 is divided by 12.
11
Calculate the remainder when 903 is divided by 196.
119
What is the remainder when 104 is divided by 29?
17
What is the remainder when 1973 is divided by 118?
85
Calculate the remainder when 163 is divided by 85.
78
Calculate the remainder when 573 is divided by 7.
6
Calculate the remainder when 1901 is divided by 32.
13
Calculate the remainder when 42949 is divided by 104.
101
What is the remainder when 519 is divided by 46?
13
Calculate the remainder when 878 is divided by 574.
304
What is the remainder when 249 is divided by 36?
33
What is the remainder when 144 is divided by 40?
24
What is the remainder when 790 is divided by 307?
176
Calculate the remainder when 171 is divided by 53.
12
Calculate the remainder when 5 is divided by 5.
0
Calculate the remainder when 373 is divided by 116.
25
What is the remainder when 118 is divided by 44?
30
Calculate the remainder when 1089 is divided by 363.
0
Calculate the remainder when 555 is divided by 36.
15
Calculate the remainder when 3084 is divided by 115.
94
Calculate the remainder when 43 is divided by 11.
10
What is the remainder when 81 is divided by 38?
5
Calculate the remainder when 718 is divided by 64.
14
What is the remainder when 2532 is divided by 252?
12
Calculate the remainder when 417 is divided by 20.
17
What is the remainder when 267 is divided by 16?
11
Calculate the remainder when 37 is divided by 19.
18
Calculate the remainder when 168 is divided by 11.
3
Calculate the remainder when 488 is divided by 100.
88
What is the remainder when 2504 is divided by 12?
8
Calculate the remainder when 529 is divided by 85.
19
What is the remainder when 1193 is divided by 322?
227
Calculate the remainder when 1169 is divided by 78.
77
Calculate the remainder when 1866 is divided by 93.
6
What is the remainder when 16847 is divided by 78?
77
Calculate the remainder when 90 is divided by 4.
2
Calculate the remainder when 669 is divided by 32.
29
Calculate the remainder when 6928 is divided by 33.
31
What is the remainder when 412 is divided by 69?
67
Calculate the remainder when 19 is divided by 3.
1
What is the remainder when 480 is divided by 20?
0
Calculate the remainder when 204 is divided by 55.
39
What is the remainder when 43691 is divided by 22?
21
What is the remainder when 597 is divided by 73?
13
What is the remainder when 483 is divided by 61?
56
Calculate the remainder when 698 is divided by 167.
30
Calculate the remainder when 40 is divided by 35.
5
Calculate the remainder when 43 is divided by 37.
6
Calculate the remainder when 1460 is divided by 433.
161
What is the remainder when 915 is divided by 18?
15
Calculate the remainder when 31 is divided by 4.
3
What is the remainder when 1410 is divided by 369?
303
Calculate the remainder when 3567 is divided by 85.
82
What is the remainder when 1143 is divided by 14?
9
What is the remainder when 919 is divided by 39?
22
Calculate the remainder when 155 is divided by 28.
15
Calculate the remainder when 261 is divided by 65.
1
Calculate the remainder when 1515 is divided by 498.
21
Calculate the remainder when 975 is divided by 19.
6
Calculate the remainder when 308 is divided by 10.
8
What is the remainder when 24550 is divided by 99?
97
Calculate the remainder when 481 is divided by 21.
19
What is the remainder when 326 is divided by 86?
68
Calculate the remainder when 477 is divided by 130.
87
Calculate the remainder when 76 is divided by 1.
0
What is the remainder when 1736 is divided by 37?
34
Calculate the remainder when 355 is divided by 38.
13
What is the remainder when 2244 is divided by 321?
318
What is the remainder when 2289 is divided by 108?
21
Calculate the remainder when 783 is divided by 168.
111
What is the remainder when 13962 is divided by 147?
144
Calculate the remainder when 10 is divided by 9.
1
Calculate the remainder when 1051 is divided by 27.
25
What is the remainder when 4303 is divided by 32?
15
What is the remainder when 403 is divided by 82?
75
What is the remainder when 271 is divided by 16?
15
What is the remainder when 182 is divided by 9?
2
What is the remainder when 347 is divided by 117?
113
What is the remainder when 3106 is divided by 12?
10
Calculate the remainder when 113 is divided by 55.
3
Calculate the remainder when 144 is divided by 26.
14
What is the remainder when 2253 is divided by 41?
39
Calculate the remainder when 498 is divided by 20.
18
Calculate the remainder when 29 is divided by 6.
5
Calculate the remainder when 145 is divided by 35.
5
What is the remainder when 443 is divided by 30?
23
Calculate the remainder when 2229 is divided by 8.
5
Calculate the remainder when 72 is divided by 7.
2
Calculate the remainder when 4142 is divided by 17.
11
What is the remainder when 128 is divided by 37?
17
What is the remainder when 378 is divided by 46?
10
Calculate the remainder when 1213 is divided by 583.
47
What is the remainder when 8905 is divided by 151?
147
What is the remainder when 255 is divided by 29?
23
Calculate the remainder when 7552 is divided by 87.
70
Calculate the remainder when 220 is divided by 56.
52
What is the remainder when 4959 is divided by 34?
29
Calculate the remainder when 181 is divided by 64.
53
What is the remainder when 19 is divided by 10?
9
What is the remainder when 99 is divided by 72?
27
What is the remainder when 223 is divided by 115?
108
Calculate the remainder when 302 is divided by 16.
14
Calculate the remainder when 1125 is divided by 123.
18
Calculate the remainder when 164 is divided by 135.
29
Calculate the remainder when 158 is divided by 32.
30
Calculate the remainder when 3981 is divided by 11.
10
Calculate the remainder when 273 is divided by 19.
7
What is the remainder when 1108 is divided by 131?
60
Calculate the remainder when 3994 is divided by 37.
35
What is the remainder when 1566 is divided by 775?
16
What is the remainder when 302 is divided by 24?
14
Calculate the remainder when 1077 is divided by 40.
37
Calculate the remainder when 475 is divided by 53.
51
What is the remainder when 63 is divided by 19?
6
What is the remainder when 1697 is divided by 3?
2
What is the remainder when 972 is divided by 22?
4
Calculate the remainder when 30 is divided by 8.
6
What is the remainder when 101 is divided by 11?
2
What is the remainder when 113 is divided by 31?
20
What is the remainder when 45 is divided by 17?
11
Calculate the remainder when 466 is divided by 52.
50
What is the remainder when 6229 is divided by 8?
5
What is the remainder when 226 is divided by 57?
55
Calculate the remainder when 353 is divided by 63.
38
Calculate the remainder when 3227 is divided by 3211.
16
What is the remainder when 24463 is divided by 35?
33
Calculate the remainder when 316 is divided by 35.
1
What is the remainder when 415 is divided by 402?
13
What is the remainder when 451 is divided by 36?
19
Calculate the remainder when 883 is divided by 68.
67
What is the remainder when 459 is divided by 228?
3
Calculate the remainder when 242 is divided by 75.
17
What is the remainder when 17625 is divided by 39?
36
What is the remainder when 3349 is divided by 50?
49
What is the remainder when 33 is divided by 9?
6
Calculate the remainder when 1766 is divided by 52.
50
What is the remainder when 561 is divided by 94?
91
Calculate the remainder when 561 is divided by 433.
128
What is the remainder when 30 is divided by 4?
2
Calculate the remainder when 405 is divided by 41.
36
What is the remainder when 922 is divided by 18?
4
What is the remainder when 1838 is divided by 46?
44
What is the remainder when 211 is divided by 98?
15
Calculate the remainder when 142 is divided by 31.
18
Calculate the remainder when 149 is divided by 66.
17
Calculate the remainder when 516 is divided by 79.
42
Calculate the remainder when 685 is divided by 333.
19
What is the remainder when 93 is divided by 72?
21
Calculate the remainder when 65 is divided by 33.
32
What is the r